8*o**2 + 2*o + 24. Suppose 23*r - 22*r + 22 = -i, -16 = 2*i - 5*r. Calculate n(i).
-12
Let f(k) = -19*k + 3. Let r(a) = 8*a - 1. Let o(t) = -2*f(t) - 5*r(t). Give o(-1).
1
Let l(i) = -7*i. Suppose 13*u + 15 = 8*u. Calculate l(u).
21
Suppose 0 = -u + f, -5*f - 11 + 1 = -3*u. Let p(j) = j + 5. Calculate p(u).
0
Let z(l) = -l**2 - 9*l - 7. Let v be ((-9)/(-6)*2)/((-3)/9). Calculate z(v).
-7
Let h(b) = -22*b - 5. Let s be h(-1). Suppose -6*j - 13 - s = 0. Let x(d) = 2 - 6 - 2*d + 0*d. What is x(j)?
6
Let u(i) be the second derivative of i**3/6 - 9*i - 10. Calculate u(9).
9
Let v(c) = -4*c**2 + 4*c. Let s(k) = -2*k**2 + k - 2. Let a(j) = s(j) - v(j). Determine a(-4).
42
Let h(z) = -2*z + 3. Suppose -55 + 5 = -10*k. Determine h(k).
-7
Suppose 4*k - 3*k - 22 = 4*r, 0 = 5*r + 25. Let t(z) = 16*z**k - 2 - 2 + z - 9*z**2 - z**3. Give t(7).
3
Let c be (-10)/4*(-14)/840. Let b(n) be the third derivative of -1/60*n**5 + 0 + 1/2*n**3 + 4*n**2 + c*n**4 + 0*n. Determine b(-4).
-17
Let d = 26 - 24. Let f(i) = i**d - 11*i**2 + 8*i**2 + 3*i + 3 + 3*i**2 - i**3. Give f(3).
-6
Suppose -u = u - 4, 0 = 4*s + u - 10. Suppose -p + 1 = -0. Let y(n) = 0*n - p + n + n. Determine y(s).
3
Let j = 95 - 100. Let q(m) = m**2 - m. Let k(b) = 10*b**2 - 5*b + 2. Let w(h) = 2*k(h) - 18*q(h). Give w(j).
14
Let h(g) = g**2 + 49*g - 461. Let o be h(-57). Let p(w) = 11*w + 1. Determine p(o).
-54
Let n(j) = -j - 6. Suppose 3 = 3*a, -3*c + 18*a - 16*a + 7 = 0. Give n(c).
-9
Let c(d) = d**3 + 8*d**2 + 2*d + 18. Let i be c(-8). Suppose 4*l - i*h = -0*h - 30, -3*l = 2*h + 26. Let u(t) = t + 1. Determine u(l).
-7
Let l(j) be the first derivative of -j**3/3 + 5*j**2/2 - 4*j + 67. Let x = 10 - 5. Calculate l(x).
-4
Let k be (-70)/(-17) - (17 + (-1722)/102). Let f(v) = 8*v - 11. What is f(k)?
21
Let p(f) = 333*f**2 - 4*f + 2 - 4 - 3 - 332*f**2. Suppose 5*l - 2*d - d + 5 = 0, -5*l + 20 = 2*d. Suppose 0*q = -l*q + 10. Give p(q).
0
Let u(r) = r**2 + 9*r + 11. Let y be u(-8). Let p(q) = -q**3 + 3*q**2 + q - 1. What is p(y)?
2
Let o(b) be the third derivative of -1/120*b**6 - 1/12*b**4 + 2*b**2 + 0*b - 1/3*b**3 - 1/15*b**5 + 0. Suppose -7 = 5*q + 8. What is o(q)?
-5
Suppose 5*s - b = b + 38, -5*s + 22 = 2*b. Let m(f) = s - 6 - 5 - f. Suppose 5*p - 1 + 23 = v, 14 = -4*p - v. Give m(p).
-1
Let m be 23/5 - 24/(-60). Suppose 4*u - 3*p = -4, 5*u + m = 9*p - 12*p. Let g(x) = 10*x**3 - x**2 + 1. Calculate g(u).
-10
Suppose 0 = 3*f - f - 14. Let n(s) be the third derivative of -s**6/120 + 2*s**5/15 - s**4/6 + s**3/2 - 18*s**2 - 18. Give n(f).
24
Let i(a) be the third derivative of -a**6/120 - 7*a**5/60 - 7*a**4/24 - a**3/3 - a**2. Suppose -24*r = 160*r + 1104. Determine i(r).
4
Let y(o) be the third derivative of -o**5/60 - o**4/6 + 5*o**3/6 + 14*o**2 + 2. Let j(c) = c**3 + c**2 + c + 2. Let p be j(-2). Give y(p).
5
Let m(o) = o - 7. Let t = -371 - -373. Give m(t).
-5
Suppose 0 = 4*i - 15 - 41. Let u(y) = 13*y - 3 - 1 + 5 - i*y. Calculate u(-6).
7
Let m be (-14)/21 - 4/(-6). Let o(x) = -10 - x + m*x + 9. Let r = -127 - -129. Calculate o(r).
-3
Let v be (-169)/(-7) + ((-7)/(-49))/(-1). Let m be 4/(-3) + (-16)/v. Let w(d) = -4*d - 2. Give w(m).
6
Suppose 3*o = -2*o + 225. Let q be ((-2)/(-6))/((-3)/o). Let n(h) = 5*h**2 - 6*h. Let p(z) = 4*z**2 - 5*z. Let c(b) = q*n(b) + 6*p(b). Determine c(2).
-4
Let o be (902/(-88))/(2/(-8)). Let w(z) = -5 - 47*z - o*z - z**2 + 80*z. Determine w(-5).
10
Suppose 6 = -3*a + 5*a. Suppose -s + 0*s + 4*o = 0, s = -2*o + 6. Suppose -s = -7*i + a*i. Let c(q) = -q + 1. Determine c(i).
0
Let j = -36 - -62. Let r = -22 + j. Let v(f) = 2*f - 2. Determine v(r).
6
Let b be (6/9)/((-2)/(-3)). Let s = -24 + 26. Let h(j) = 4*j + 13*j**s + 1 - 2*j - 4*j + j. Calculate h(b).
13
Let j(r) = r**3 - 6*r**2 - 7*r + 14. Suppose 5*q + 15 = 0, -19*a - 2*q = -21*a + 20. What is j(a)?
14
Let n = -471 + 467. Let d(v) = 2 + 8*v**2 - 2*v**2 - v**2 + 4*v + v**3. What is d(n)?
2
Let p(m) = -5*m**2 + 6*m**3 - 7 + 301*m - 294*m - 5*m**3. Let o(r) = -r**2 + 21*r - 15. Let a be o(20). What is p(a)?
28
Let r(n) = -n - 15. Let a(d) = d**2 + 7*d - 72. Let u be a(5). Determine r(u).
-3
Let b = 289 + -279. Let q(c) = -c**2 + 11*c - 11. Calculate q(b).
-1
Let h be (5/75*6)/((-4)/(-190)). Let g(w) = w - 1. Let f be g(3). Let m(d) = -18*d**f + h*d**2 + 0 - 5*d + 3. Determine m(5).
3
Let s(q) = 2 + 2*q + 2 - 2*q**2 - 5*q**2. Let g(c) = -8*c**2 + 2*c + 5. Let r be (-3)/(10/(-14) - (-4)/14). Let l(x) = r*s(x) - 6*g(x). Give l(3).
-5
Let t(k) = 3*k**3 - 5*k**2 + 6*k - 2. Let m(l) = -4*l**3 + 4*l**2 - 12*l + 2. Let h(j) = 2*m(j) + 3*t(j). What is h(8)?
14
Let w(u) = -4*u - 8. Let n be w(-2). Let t(r) be the third derivative of 0 + 3/2*r**3 + 1/60*r**5 + 0*r - 4*r**2 + n*r**4. Give t(0).
9
Suppose -2*x + 5*r - 19 = 8, 3*r - 25 = 2*x. Let h = -9 - x. Let w(s) = 6*s + h*s - 3 - 7*s. Calculate w(8).
5
Let i = -11 + 15. Suppose 3*w = i*w. Suppose u + u = w. Let f(m) = -m**2 - 2. Calculate f(u).
-2
Let c be ((-5)/3)/(-7 + 37/6). Suppose 0 = d + 2*d + p - 11, 0 = -3*d + p + 7. Let k(q) = 1 - 6*q + 0 + d*q. What is k(c)?
-5
Let m(g) = -g**3 + g**2 + 2*g + 2. Suppose -4*d + s = -11, -3*s + 29 = d + 2*s. Suppose d*l + l = 15. Determine m(l).
-10
Suppose -6*o + 2 = -4*o. Let x(n) = 9*n**3 - 2*n**2 + 1. What is x(o)?
8
Let d = -1390 - -1395. Let n(s) = -s**2 + 10*s + 9. Suppose -15 = -5*r + 2*r. Let w(y) = -y - 1. Let u(x) = r*w(x) + n(x). What is u(d)?
4
Let t(x) be the first derivative of -x**3/3 + 5*x**2 + 4*x + 6. Calculate t(8).
20
Let w = -29 + 23. Let j(i) = i**3 - 3*i**2 + 9*i - 1. Let u(z) = z. Let f(h) = w*u(h) + j(h). What is f(2)?
1
Let t(j) = 5*j**2 + 5*j - 3. Let u(o) = -17*o**2 - 16*o + 8. Let p(y) = -7*t(y) - 2*u(y). Give p(-5).
-5
Let t(g) = -g**3 + 12*g**2 - g + 11. Let y = -11 - -14. Suppose y*x - 33 = 3. Let m be t(x). Let i(f) = -9*f - 1. Determine i(m).
8
Let y(j) = -7*j - 2 + 3 - 1 + 5. Let w(o) = o + 11 - 3*o - 10 + o. Let a(t) = 6*w(t) - y(t). Give a(-2).
-1
Let x(w) = 14 + 8 - 4*w + 9 - 41. What is x(-5)?
10
Let c be 4 - (50/(-18) + (-114)/513). Let s(n) = n**2 - 9*n + 7. Calculate s(c).
-7
Let l(n) = 6*n**2 - 4*n + 2. Let p be l(1). Let i(q) = q**2 + q - 10. Determine i(p).
10
Let a = -8 - 3. Let u(w) = 4*w + 38. Let n be u(a). Let x(d) = d**3 + 7*d**2 + 7*d + 2. Determine x(n).
-4
Let y = -331 - -330. Let q(j) = 16*j**3 + 2*j + 1. What is q(y)?
-17
Let u(j) = j - 2. Let y = 12 + 56. Let i = 74 - y. Determine u(i).
4
Let m(p) = -6*p**2 + 80*p**3 + 0 - 79*p**3 - 1. Give m(6).
-1
Let b(g) = -4*g**3 + 10*g**2 - 3*g - 8. Let k(d) = -3*d**3 + 9*d**2 - 3*d - 7. Let v(h) = 2*b(h) - 3*k(h). What is v(6)?
-13
Suppose 2*b - 10 = -0*b + 2*o, -2*b = 3*o. Let t(s) = -2*s**3 + 6*s**2 - 11*s - 13. Let l(w) = -w**3 + 3*w**2 - 6*w - 7. Let y(j) = -7*l(j) + 4*t(j). Give y(b).
-9
Let o be (4/10)/(44/(-110)). Let g(w) = -3*w + 2. What is g(o)?
5
Let c(r) be the second derivative of 1/2*r**3 + 0 + 3*r**2 - 3*r. Determine c(-6).
-12
Let d be 1/(4 - (-15)/(-4)). Let v(n) = -5*n**2 + 1 + 4*n + 2*n**2 - 5*n - d*n**2. Calculate v(1).
-7
Let f(t) = -t + 4. Let j(l) = 7*l - 33. Let m(v) = 3*f(v) + j(v). Give m(5).
-1
Let t(a) = -7*a**2 + 6*a**3 - 7*a**3 - 3 + 6 + 6*a + 3*a. Let b be (-1)/(-3) - 25/3. What is t(b)?
-5
Let t(n) = -2*n**3 + 10*n**2 + 9*n - 5. Let a be t(6). Let i = a + 20. Let k(o) = -o**2 - o + 2. Determine k(i).
-4
Suppose 5*s + 3*f - 22 + 3 = 0, -4*s - 4 = -4*f. Let d(h) = -4 - h**s - h**3 + 6*h - 10*h**2 + 16*h**2. Calculate d(6).
-4
Let c(z) = 71*z**3 + 80*z**3 - z - 152*z**3 + 9 - z**2. What is c(0)?
9
Let m(d) = -d**2 - 7*d - 8. Let j be m(-6). Let i be (-4)/2*(-3)/j. Let f = i + 7. Let k(b) = 2*b**2 - 6*b + 3. What is k(f)?
11
Let a(o) be the first derivative of -o**2 - o + 200. Suppose 2*v - 2 + 8 = 0. What is a(v)?
5
Let o be (-2552)/348 - (-2 + (-10)/(-6)). Let q(v) = v**2 + 10*v + 26. Determine q(o).
5
Let q(k) be the second derivative of k**4/12 + 5*k**3/6 + 5*k**2/2 + 397*k. Determine q(-6).
11
Suppose 3*r + 48 = 7*r. Suppose -6*d = -18 - r. Let a(p) = -9*p + 14. Let u(n) = -2*n + 3. Let w(f) = 2*a(f) - 11*u(f). Determine w(d).
15
Let z(o) = 2*o. Let a(d) = 9*d + 3. Let j(u) = -a(u) + 4*z(u). Give j(6).
-9
Suppose 2*l = 7*l + 20. Let g(j) = -j + 5. Calculate g(l).
9
Let s(c) = -1. Let t(h) = -2*h - 4.